ert -96757 (base 14) to base 9.
-613753
Convert 1100101010110010011110 (base 2) to base 13.
8c37aa
What is 5b356 (base 13) in base 15?
349a0
What is -1000000101100 (base 2) in base 6?
-31100
Convert -41d99 (base 14) to base 6.
-3224311
Convert -475513a (base 11) to base 8.
-37506371
Convert -22101203 (base 4) to base 15.
-c708
What is 581874 (base 16) in base 3?
101212022122200
What is 3435564 (base 10) in base 4?
31012300230
What is 370b1 (base 14) in base 8?
406723
-210300402 (base 5) to base 16
-d41f4
Convert -953be (base 16) to base 15.
-c11ac
-3678054 (base 10) to base 5
-1420144204
-135054 (base 15) to base 3
-1202011020221
-10220021120 (base 3) to base 4
-102233031
17b140 (base 12) to base 11
262482
-383369 (base 10) to base 13
-10565c
Convert -455466b (base 12) to base 8.
-62567663
Convert -2316588 (base 9) to base 10.
-1251449
What is -30041434 (base 5) in base 7?
-2005211
Convert -123154344 (base 7) to base 16.
-76f1fd
Convert -4783b8 (base 12) to base 9.
-2150165
What is -220200223 (base 4) in base 13?
-5a6ac
What is -17076504 (base 8) in base 13?
-a8a4c8
Convert -430322 (base 5) to base 10.
-14462
242411 (base 15) to base 13
486c37
556a4 (base 12) to base 3
12202102121
What is -1271434 (base 8) in base 7?
-3015151
Convert 1413398 (base 10) to base 8.
5310426
1000100101000110110111 (base 2) to base 13
609970
-100100102012221 (base 3) to base 14
-934863
What is -121210112021222 (base 3) in base 8?
-42033144
What is 674a4 (base 11) in base 5?
11112021
Convert 110010001100111001 (base 2) to base 9.
343052
What is -235302504 (base 7) in base 12?
-4aa0160
Convert 101221032102 (base 4) to base 10.
4625298
What is 431633 (base 13) in base 15?
211608
What is 1416661 (base 7) in base 8?
562351
-2220494 (base 11) to base 3
-21022220001201
Convert 101003223001 (base 4) to base 3.
22102011201201
b743 (base 12) to base 6
232523
236107 (base 10) to base 8
715113
-40088 (base 16) to base 9
-438702
Convert -22322213 (base 4) to base 7.
-244232
What is 513200 (base 8) in base 15?
353ba
3bcc (base 15) to base 14
493a
What is 250192 (base 11) in base 15?
7c2d9
What is 102211010112200 (base 3) in base 5?
3102001320
Convert -21201002212 (base 3) to base 15.
-2ee3e
What is -12212202120002 (base 3) in base 8?
-13727245
110012233 (base 4) to base 3
11011222001
What is 214487 (base 13) in base 15?
1064d2
Convert -16b19b (base 12) to base 8.
-1376507
What is -370322 (base 9) in base 5?
-24121322
What is -42122 (base 5) in base 13?
-1365
What is -411123224 (base 5) in base 7?
-20055516
Convert -2000200 (base 4) to base 12.
-4914
-1000011011001101001010 (base 2) to base 7
-24526012
What is 274644 (base 8) in base 15?
1d9a1
What is -15246621 (base 7) in base 4?
-11203303131
What is 55737 (base 13) in base 6?
3153403
-1d814 (base 14) to base 16
-1279a
Convert -1335254 (base 7) to base 2.
-101011001111100101
Convert -11123010 (base 5) to base 3.
-12000010100
Convert 54b7b (base 15) to base 4.
1001232200
-1165691 (base 11) to base 4
-13233012203
What is -b87c5 (base 13) in base 11?
-208290
-6a40 (base 16) to base 15
-80d5
Convert 98151 (base 13) to base 6.
5520300
What is 44b595 (base 12) in base 16?
10c181
What is -1002314030 (base 5) in base 2?
-111100111000010001010
Convert -17226783 (base 9) to base 13.
-1a3640c
1121422212 (base 5) to base 3
11202112001221
-33808 (base 9) to base 15
-6a1b
Convert -51d1d (base 16) to base 6.
-11103313
What is 195714 (base 16) in base 15?
22c0cc
Convert 21b815 (base 12) to base 11.
338706
Convert 2b6c5 (base 15) to base 3.
21002220212
What is 31012110 (base 4) in base 7?
312264
1101101002220 (base 3) to base 12
2b5873
1252517 (base 8) to base 2
1010101010101001111
1210120102 (base 4) to base 7
3331462
What is -112331010 (base 7) in base 10?
-6881616
Convert -4295 (base 14) to base 2.
-10110011101011
11210102010111 (base 3) to base 11
148a845
-12421322 (base 5) to base 11
-84735
-1113216 (base 8) to base 14
-7b818
a10a9 (base 14) to base 8
1363755
-583e9 (base 16) to base 12
-155209
-12723 (base 16) to base 10
-75555
Convert 5a2b2 (base 13) to base 14.
44322
Convert 133232102222 (base 4) to base 14.
11668d4
What is -20db8 (base 14) in base 13?
-2a288
-9a40d (base 16) to base 9
-1162623
-170622b (base 14) to base 4
-223021201133
Convert -831753 (base 11) to base 10.
-1334567
-5353205 (base 10) to base 11
-3026a40
What is -4456876 (base 9) in base 3?
-11111220222120
Convert -10d11d (base 15) to base 16.
-c42af
Convert -2911b (base 12) to base 3.
-2220110012
What is 4a834 (base 15) in base 9?
402544
What is aab078 (base 12) in base 7?
32034545
Convert 12527325 (base 8) to base 3.
12021010010120
Convert -203334334 (base 5) to base 13.
-235430
What is -101001001000001 (base 2) in base 15?
-638c
3703 (base 8) to base 7
5536
1010000101100001 (base 2) to base 9
62603
What is bf79b (base 16) in base 7?
6444353
10363561 (base 7) to base 9
1605371
-aa234 (base 15) to base 14
-100d91
122131012 (base 4) to base 13
3a423
Convert 186a26 (base 14) to base 11.
53a930
Convert -95800 (base 10) to base 11.
-65a81
What is -383836 (base 9) in base 3?
-102210221020
Convert -541571 (base 9) to base 16.
-4ec7f
-2ada2 (base 16) to base 15
-37017
46542 (base 14) to base 11
107666
Convert -21302320231 (base 4) to base 3.
-11211110020221
What is -110211012001 (base 3) in base 8?
-754722
Convert 850d8 (base 16) to base 9.
1020517
Convert -2c95c (base 13) to base 6.
-1453524
What is -46999 (base 13) in base 12?
-62841
-e3ea (base 15) to base 2
-1011110000010001
-17735344 (base 8) to base 4
-33323223210
What is c5921 (base 13) in base 12?
151715
Convert 1202222010212 (base 3) to base 4.
3212200133
Convert 14301444 (base 5) to base 9.
248083
What is 10210002020 (base 3) in base 16?
122b2
32424210 (base 5) to base 16
4457a
Convert 14422434 (base 7) to base 13.
38b329
Convert 1a502 (base 16) to base 13.
3a098
Convert 218c0 (base 16) to base 8.
414300
What is 112110445 (base 6) in base 5?
1011441414
Convert -1112304 (base 6) to base 4.
-31233100
12420241 (base 5) to base 6
2350204
What is 73057 (base 8) in base 6?
352023
120202021000 (base 3) to base 12
12b4a6
Convert 101011220001111 (base 3) to base 4.
110220331312
Convert 722196 (base 11) to base 3.
2011220120110
What is 2ec78 (base 15) in base 12?
73695
-3424245 (base 7) to base 10
-426480
-32242301 (base 5) to base 6
-5515433
2a528 (base 14) to base 2
11001101101001000
What is 139243 (base 10) in base 13?
4b4c0
What is 2b27fa (base 16) in base 5?
1211001112
201575 (base 8) to base 10
66429
-1403320511 (base 6) to base 4
-1000231022323
Convert -114b8 (base 13) to base 11.
-21804
-18a7654 (base 12) to base 3
-100210000222101
Convert -1203000031 (base 4) to base 14.
-a7ad7
11010100101000100011001 (base 2) to base 9
14088642
Convert 1178055 (base 9) to base 12.
26b84b
45145023 (base 6) to base 7
14422440
What is 2b4e7 (base 15) in base 5?
13430432
What is -3e0f3 (base 16) in base 8?
-760363
Convert 1e69f (base 16) to base 4.
132122133
Convert 10011011010000100110 (base 2) to base 11.
3a487a
-201021011211 (base 3) to base 5
-44113320
What is -2155322 (base 6) in base 10?
-108770
275471b (base 12) to base 5
4000403130
Convert 205012352 (base 6) to base 13.
98b06a
200231322001 (base 4) to base 11
4928837
de290 (base 15) to base 9
1285350
Convert 273538 (base 11) to base 3.
210210210100
What is -160000 (base 9) in base 15?
-1e260
Convert -6a857 (base 15) to base 7.
-2612311
1533500 (base 6) to base 13
32106
59313 (base 11) to base 9
140327
Convert -30cfb3 (base 16) to base 11.
-1895420
What is -1bc815 (base 13) in base 9?
-1306282
What is 330163 (base 8) in base 13?
3b50c
Convert 1022121110 (base 3) to base 7.
135453
-530188 (base 9) to base 4
-1030323101
What is 211006 (base 9) in base 11?
86235
6124 (base 10) to base 6
44204
Convert -11cdcbc (base 16) to base 11.
-a5a1105
Convert 26674533 (base 8) to base 4.
112313211123
What is 2b9186 (base 14) in base 9?
2771432
Convert 159c45 (base 15) to base 4.
3333102020
What is 535518 (base 9) in base 4?
1031320103
297a13 (base 13) to base 3
1220122200022
Convert -2056055 (base 7) to base 9.
-420102
What is -102324114 (base 6) in base 9?
-3342721
-1225222 (base 7) to base 9
-260527
What is 29911 (base 11) in base 5?
2323422
12112211020201 (base 3) to base 4
23033331322
-3